{"id":2056,"date":"2013-04-24T07:19:04","date_gmt":"2013-04-24T07:19:04","guid":{"rendered":"http:\/\/www.cafephotomarseille.org\/?page_id=2056"},"modified":"2025-01-12T11:04:57","modified_gmt":"2025-01-12T11:04:57","slug":"foire-aux-questions-faq","status":"publish","type":"page","link":"https:\/\/www.cafephotomarseille.org\/?page_id=2056","title":{"rendered":"Foire aux questions (FAQ)"},"content":{"rendered":"<p><em>Cette section du site s&rsquo;enrichira au fur et \u00e0 mesure des questions qui nous seront pos\u00e9es.<\/em><\/p>\n<p><span style=\"color: #ff0000;\"><b>L\u2019association Caf\u00e9 Photo Marseille (CPM) c\u2019est quoi\u00a0?<\/b><\/span><\/p>\n<p>C\u2019est un rassemblement, un samedi matin par mois \u00e0 Marseille, autour d\u2019un caf\u00e9 (offert), de passionn\u00e9s de la photographie, de tous niveaux et styles confondus, pour \u00e9changer, se retrouver et parler photo. Ce sont \u00e9galement des sorties et des expositions collectives, l&rsquo;\u00e9dition de livres photos, l\u2019organisation de stages et conf\u00e9rences autour de th\u00e9matiques photographiques&#8230; La seule limite est celle de notre imagination ! (qui est sans limite).<\/p>\n<p><span style=\"color: #ff0000;\"><b>L\u2019association Caf\u00e9 Photo Marseille (CPM) est-elle un club photo\u00a0?<\/b><\/span><\/p>\n<p><b>OUI et NON<\/b>. Plus qu\u2019un club photo, plus qu\u2019une association, nous sommes un collectif car tout ce que nous faisons et construisons, tous les projets que nous concr\u00e9tisons, nous le faisons gr\u00e2ce \u00e0 l\u2019implication de tous nos membres et au partage d\u2019id\u00e9es. Le Caf\u00e9 Photo Marseille, c\u2019est un \u00e9tat d\u2019esprit, c\u2019est une \u00e9mulation, une force collective, une dynamique, qui fonctionne depuis plus de 10 ans et qui durera aussi longtemps que chacun.e apportera sa petite pierre \u00e0 l\u2019\u00e9difice.<\/p>\n<p><span style=\"color: #ff0000;\"><b>Qu\u2019est-ce qu\u2019un membre actif \/adh\u00e9rent ?<\/b><\/span><\/p>\n<p>C\u2019est un adh\u00e9rent \u00e0 l\u2019association s\u2019engageant \u00e0 participer au moins \u00e0 2 rendez-vous mensuels CPM par an. Il est \u00e0 jour de ses cotisations et peut ainsi profiter des avantages r\u00e9serv\u00e9s aux membres actifs (carte de membre, stages \u00e0 tarifs pr\u00e9f\u00e9rentiels, sorties et expositions collectives, vote en assembl\u00e9e g\u00e9n\u00e9rale \u00a0etc\u2026)<\/p>\n<p><span style=\"color: #ff0000;\"><b>Si je veux adh\u00e9rer \u00e0 l\u2019association comment proc\u00e9der\u00a0?<\/b><\/span><\/p>\n<p><strong>Pour devenir adh\u00e9rent(e) \u00e0 l\u2019association CPM :<\/strong><\/p>\n<p>1\/ vous t\u00e9l\u00e9chargez le formulaire de demande d\u2019adh\u00e9sion de l&rsquo;ann\u00e9e en cours, vous l\u2019imprimez et vous le remplissez int\u00e9gralement<br \/>\n2\/ vous nous envoyez le tout rempli par courrier au \u00a0\u2013 <strong>4 avenue Fr\u00e9d\u00e9ric Mistral &#8211; 13008 MARSEILLE<\/strong> \u2013 \u00e0 l\u2019attention de la tr\u00e9sori\u00e8re <strong>Marino CORDESSE LIEPMANN<\/strong> accompagn\u00e9 de votre r\u00e8glement par ch\u00e8que libell\u00e9 \u00e0 l\u2019ordre de l\u2019association Caf\u00e9 photo Marseille \u00e0 savoir : 30 \u20ac pour une premi\u00e8re adh\u00e9sion valant pour 10\u20ac de droit d\u2019entr\u00e9e + 20\u20ac d\u2019adh\u00e9sion pour l\u2019ann\u00e9e civile en cours et 20\u20ac pour les renouvellements uniquement d\u2019adh\u00e9sion OU vous nous d\u00e9posez le formulaire rempli accompagn\u00e9 de votre r\u00e8glement en esp\u00e8ces ou par ch\u00e8que lors d\u2019un des rdv mensuels. Vous pouvez \u00e9galement payer par virement bancaire, ce qui est un paiement \u00e0 privil\u00e9gier ! En pensant de mettre votre nom en r\u00e9f\u00e9rence.<br \/>\n3\/ votre carte de membre actif adh\u00e9rent pour l\u2019ann\u00e9e en cours est r\u00e9alis\u00e9e <strong>A LA DEMANDE <\/strong>pour des questions d\u2019\u00e9conomies car nous fonctionnons avec un tr\u00e8s petit budget, les cartes sont remises en mains propres lors d\u2019un rdv mensuel et non envoy\u00e9es par la Poste<\/p>\n<p><span style=\"color: #ff0000;\"><b>Si je ne veux pas adh\u00e9rer \u00e0 l\u2019association, est-ce que je peux assister aux rendez-vous mensuels\u00a0?<\/b><\/span><\/p>\n<p><b>OUI<\/b>. Nous souhaitions conserver le caract\u00e8re \u00ab\u00a0libre\u00a0\u00bb qui a fait le succ\u00e8s du Caf\u00e9 Photo Marseille \u00e0 sa cr\u00e9ation en 2008. Ainsi, si vous ne souhaitez pas adh\u00e9rer \u00e0 l\u2019association et devenir membre actif, vous pouvez malgr\u00e9 tout participer aux rdv mensuels au rythme qu\u2019il vous convient. Il vous sera juste demand\u00e9 de participer librement \u00e0 la cagnotte du CPM pour couvrir les frais de caf\u00e9\u00a0! Vous deviendrez alors <b>sympathisants. <\/b>A ce titre vous ne pourrez donc pas participer aux sorties collectives, ni aux stages \u00e0 tarif pr\u00e9f\u00e9rentiel, ni aux expositions collectives, ni \u00e0 l\u2019\u00e9laboration des produits d\u00e9riv\u00e9s lab\u00e9lis\u00e9s CPM (livres photo par exemple) ni prendre part au vote en assembl\u00e9e g\u00e9n\u00e9rale.<\/p>\n<p><span style=\"color: #ff0000;\"><b>A combien se montent les frais d\u2019adh\u00e9sion ?<\/b><\/span><\/p>\n<p>10 euros de droits d\u2019entr\u00e9e valables sans limite de temps et 20 euros d\u2019adh\u00e9sion pour l\u2019ann\u00e9e en cours.<\/p>\n<div id=\"__if72ru4sdfsdfrkjahiuyi_once\" style=\"display: none;\"><\/div>\n<div id=\"__if72ru4sdfsdfruh7fewui_once\" style=\"display: none;\"><\/div>\n<div id=\"__hggasdgjhsagd_once\" style=\"display: none;\"><\/div>\n","protected":false},"excerpt":{"rendered":"<p>Cette section du site s&rsquo;enrichira au fur et \u00e0 mesure des questions qui nous seront pos\u00e9es. L\u2019association Caf\u00e9 Photo Marseille (CPM) c\u2019est quoi\u00a0? C\u2019est un rassemblement, un samedi matin par mois \u00e0 Marseille, autour d\u2019un caf\u00e9 (offert), de passionn\u00e9s de la photographie, de tous niveaux et styles confondus, pour \u00e9changer, se retrouver et parler photo. &hellip; <\/p>\n<p class=\"link-more\"><a href=\"https:\/\/www.cafephotomarseille.org\/?page_id=2056\" class=\"more-link\">Lire la suite de<span class=\"screen-reader-text\">\u00ab\u00a0Foire aux questions (FAQ)\u00a0\u00bb<\/span><\/a><\/p>\n","protected":false},"author":1,"featured_media":0,"parent":0,"menu_order":0,"comment_status":"closed","ping_status":"closed","template":"","meta":{"footnotes":""},"class_list":["post-2056","page","type-page","status-publish","hentry"],"featured_media_urls":[],"_links":{"self":[{"href":"https:\/\/www.cafephotomarseille.org\/index.php?rest_route=\/wp\/v2\/pages\/2056","targetHints":{"allow":["GET"]}}],"collection":[{"href":"https:\/\/www.cafephotomarseille.org\/index.php?rest_route=\/wp\/v2\/pages"}],"about":[{"href":"https:\/\/www.cafephotomarseille.org\/index.php?rest_route=\/wp\/v2\/types\/page"}],"author":[{"embeddable":true,"href":"https:\/\/www.cafephotomarseille.org\/index.php?rest_route=\/wp\/v2\/users\/1"}],"replies":[{"embeddable":true,"href":"https:\/\/www.cafephotomarseille.org\/index.php?rest_route=%2Fwp%2Fv2%2Fcomments&post=2056"}],"version-history":[{"count":18,"href":"https:\/\/www.cafephotomarseille.org\/index.php?rest_route=\/wp\/v2\/pages\/2056\/revisions"}],"predecessor-version":[{"id":4399,"href":"https:\/\/www.cafephotomarseille.org\/index.php?rest_route=\/wp\/v2\/pages\/2056\/revisions\/4399"}],"wp:attachment":[{"href":"https:\/\/www.cafephotomarseille.org\/index.php?rest_route=%2Fwp%2Fv2%2Fmedia&parent=2056"}],"curies":[{"name":"wp","href":"https:\/\/api.w.org\/{rel}","templated":true}]}}