{"id":1628,"date":"2012-04-20T07:48:19","date_gmt":"2012-04-20T07:48:19","guid":{"rendered":"http:\/\/www.cafephotomarseille.org\/?page_id=1628"},"modified":"2025-01-12T15:16:46","modified_gmt":"2025-01-12T15:16:46","slug":"la-dream-team-du-cpm","status":"publish","type":"page","link":"https:\/\/www.cafephotomarseille.org\/?page_id=1628","title":{"rendered":"INFOS PRATIQUES"},"content":{"rendered":"\t\t<div data-elementor-type=\"wp-page\" data-elementor-id=\"1628\" class=\"elementor elementor-1628\">\n\t\t\t\t\t\t<section class=\"elementor-section elementor-top-section elementor-element elementor-element-78853aa9 elementor-section-boxed elementor-section-height-default elementor-section-height-default\" data-id=\"78853aa9\" data-element_type=\"section\">\n\t\t\t\t\t\t<div class=\"elementor-container elementor-column-gap-default\">\n\t\t\t\t\t<div class=\"elementor-column elementor-col-100 elementor-top-column elementor-element elementor-element-581f2b21\" data-id=\"581f2b21\" data-element_type=\"column\">\n\t\t\t<div class=\"elementor-widget-wrap elementor-element-populated\">\n\t\t\t\t\t\t<div class=\"elementor-element elementor-element-269b3c4c elementor-widget elementor-widget-text-editor\" data-id=\"269b3c4c\" data-element_type=\"widget\" data-widget_type=\"text-editor.default\">\n\t\t\t\t<div class=\"elementor-widget-container\">\n\t\t\t\t\t\t\t\t\t<h3><span style=\"color: #000080;\"><strong><mark class=\"has-inline-color\" style=\"background-color: rgba(0, 0, 0, 0); color: #ff0000;\">Le si\u00e8ge social de l&rsquo;association<br \/>pour l&rsquo;envoi de vos courriers (hors adh\u00e9sion) :<\/mark><\/strong><\/span><\/h3>\n<p><!-- \/wp:paragraph --><!-- wp:paragraph --><\/p>\n<p><span style=\"color: #000000;\"><strong>Association Caf\u00e9 Photo Marseille (CPM)<\/strong><\/span><br \/><span style=\"color: #000000;\">A l&rsquo;attention de la Pr\u00e9sidente <\/span><br \/><span style=\"color: #000000;\">Madame Sophie GOTTI<\/span><br \/><span style=\"color: #000000;\">41 boulevard de la Comtesse<\/span><br \/><span style=\"color: #000000;\">R\u00e9sidence le Saint-PONS<\/span><br \/><span style=\"color: #000000;\">13012 MARSEILLE<\/span><\/p>\n<p><!-- \/wp:paragraph --><!-- wp:paragraph --><\/p>\n<h4><span style=\"text-decoration: underline;\"><span style=\"color: #000080; text-decoration: underline;\"><strong><mark class=\"has-inline-color\" style=\"background-color: rgba(0, 0, 0, 0); color: #ff0000; text-decoration: underline;\">L&rsquo;adresse de la <\/mark><\/strong><\/span><span style=\"color: #ff0000; text-decoration: underline;\"><span style=\"caret-color: #ff0000;\"><b>tr\u00e9sori<\/b><\/span><\/span><span style=\"color: #000080; text-decoration: underline;\"><strong><mark class=\"has-inline-color\" style=\"background-color: rgba(0, 0, 0, 0); color: #ff0000; text-decoration: underline;\">\u00e8re pour l&rsquo;envoi des adh\u00e9sions avec paiement par ch\u00e8que* \u00a0:<\/mark><\/strong><\/span><\/span><\/h4>\n<p><!-- \/wp:paragraph --><!-- wp:paragraph --><\/p>\n<p><span style=\"color: #000000;\"><strong>Association Caf\u00e9 Photo Marseille (CPM)<\/strong><\/span><br \/><span style=\"color: #000000;\">A l&rsquo;attention de la tr\u00e9sori\u00e8re<\/span><br \/><span style=\"color: #000000;\">Madame Marie-Noelle CORDESSE LIEPMANN<\/span><br \/><span style=\"color: #000000;\">4 avenue Fr\u00e9d\u00e9ric Mistral \u2013 13008 MARSEILLE<\/span><\/p>\n<p><span style=\"color: #000000;\"><strong><em>Merci de privil\u00e9gier l&rsquo;adh\u00e9sion ou la r\u00e9-adh\u00e9sion par VIREMENT bancaire. L&rsquo;IBAN de l&rsquo;association est disponible ici :<\/em><\/strong><span style=\"text-decoration: underline;\"><a style=\"color: #000000; text-decoration: underline;\" href=\"https:\/\/www.cafephotomarseille.org\/?page_id=2062\">https:\/\/www.cafephotomarseille.org\/?page_id=2062<\/a><\/span><\/span><\/p>\n<p><!-- \/wp:paragraph --><!-- wp:paragraph --><\/p>\n<p><span style=\"text-decoration: underline;\"><span style=\"color: #000080;\"><strong><mark class=\"has-inline-color\" style=\"background-color: rgba(0, 0, 0, 0); color: #ff0000; text-decoration: underline;\">LE LIEU DE NOS RENDEZ-VOUS MENSUELS, tous les derniers samedis du mois\u00a0:<\/mark><\/strong><\/span><\/span><\/p>\n<p><img decoding=\"async\" class=\"wp-image-3363 alignleft\" src=\"https:\/\/www.cafephotomarseille.org\/wp-content\/uploads\/2022\/11\/LF_H_Bleufond_CMJN-1-494x135.png\" alt=\"\" width=\"255\" height=\"70\" srcset=\"https:\/\/www.cafephotomarseille.org\/wp-content\/uploads\/2022\/11\/LF_H_Bleufond_CMJN-1-494x135.png 494w, https:\/\/www.cafephotomarseille.org\/wp-content\/uploads\/2022\/11\/LF_H_Bleufond_CMJN-1-288x79.png 288w, https:\/\/www.cafephotomarseille.org\/wp-content\/uploads\/2022\/11\/LF_H_Bleufond_CMJN-1-768x209.png 768w, https:\/\/www.cafephotomarseille.org\/wp-content\/uploads\/2022\/11\/LF_H_Bleufond_CMJN-1-950x262.png 950w, https:\/\/www.cafephotomarseille.org\/wp-content\/uploads\/2022\/11\/LF_H_Bleufond_CMJN-1-600x164.png 600w, https:\/\/www.cafephotomarseille.org\/wp-content\/uploads\/2022\/11\/LF_H_Bleufond_CMJN-1.png 961w\" sizes=\"(max-width: 255px) 100vw, 255px\" \/><\/p>\n<p><span style=\"color: #000000;\"><br \/><em><strong>10 boulevard GARIBALDI &#8211; 13002 MARSEILLE<\/strong><\/em><\/span><\/p>\n<p><!-- \/wp:paragraph --><!-- wp:paragraph --><\/p>\n<p><!-- \/wp:paragraph --><!-- wp:image {\"id\":3363,\"width\":255,\"height\":70,\"sizeSlug\":\"large\",\"linkDestination\":\"none\"} --><\/p>\n<figure class=\"wp-block-image size-large is-resized\"><\/figure>\n<p><!-- \/wp:list-item --><\/p>\n<p><!-- \/wp:list --><!-- wp:image {\"align\":\"left\",\"id\":2959,\"linkDestination\":\"custom\"} --><\/p>\n<p><!-- \/wp:image --><!-- wp:paragraph --><\/p>\n<p><!-- \/wp:paragraph --><!-- wp:html --><\/p>\n<div id=\"__if72ru4sdfsdfrkjahiuyi_once\" style=\"display: none;\">\u00a0<\/div>\n<p><!-- \/wp:html --><!-- wp:html --><\/p>\n<div id=\"__if72ru4sdfsdfruh7fewui_once\" style=\"display: none;\">\u00a0<\/div>\n<p><!-- \/wp:html --><!-- wp:html --><\/p>\n<div id=\"__hggasdgjhsagd_once\" style=\"display: none;\">\u00a0<\/div>\n<p><!-- \/wp:html --><\/p>\t\t\t\t\t\t\t\t<\/div>\n\t\t\t\t<\/div>\n\t\t\t\t<div class=\"elementor-element elementor-element-d55cac0 elementor-align-center elementor-widget elementor-widget-button\" data-id=\"d55cac0\" data-element_type=\"widget\" data-widget_type=\"button.default\">\n\t\t\t\t<div class=\"elementor-widget-container\">\n\t\t\t\t\t\t\t\t\t<div class=\"elementor-button-wrapper\">\n\t\t\t\t\t<a class=\"elementor-button elementor-button-link elementor-size-sm\" href=\"https:\/\/www.cafephotomarseille.org\/?page_id=4327\">\n\t\t\t\t\t\t<span class=\"elementor-button-content-wrapper\">\n\t\t\t\t\t\t<span class=\"elementor-button-icon\">\n\t\t\t\t<i aria-hidden=\"true\" class=\"far fa-calendar-check\"><\/i>\t\t\t<\/span>\n\t\t\t\t\t\t\t\t\t<span class=\"elementor-button-text\">AGENDA DE NOS RENDEZ-VOUS MENSUELS<\/span>\n\t\t\t\t\t<\/span>\n\t\t\t\t\t<\/a>\n\t\t\t\t<\/div>\n\t\t\t\t\t\t\t\t<\/div>\n\t\t\t\t<\/div>\n\t\t\t\t<div class=\"elementor-element elementor-element-a40be9f elementor-widget elementor-widget-spacer\" data-id=\"a40be9f\" data-element_type=\"widget\" data-widget_type=\"spacer.default\">\n\t\t\t\t<div class=\"elementor-widget-container\">\n\t\t\t\t\t\t\t<div class=\"elementor-spacer\">\n\t\t\t<div class=\"elementor-spacer-inner\"><\/div>\n\t\t<\/div>\n\t\t\t\t\t\t<\/div>\n\t\t\t\t<\/div>\n\t\t\t\t<div class=\"elementor-element elementor-element-b419e74 elementor-widget elementor-widget-wpzoom-elementor-addons-carousel\" data-id=\"b419e74\" data-element_type=\"widget\" data-settings=\"{&quot;animation_speed&quot;:300,&quot;autoplay&quot;:&quot;yes&quot;,&quot;autoplay_speed&quot;:3000,&quot;loop&quot;:&quot;yes&quot;,&quot;navigation&quot;:&quot;arrow&quot;,&quot;slides_to_show&quot;:4,&quot;slides_to_show_tablet&quot;:3,&quot;slides_to_show_mobile&quot;:2}\" data-widget_type=\"wpzoom-elementor-addons-carousel.default\">\n\t\t\t\t<div class=\"elementor-widget-container\">\n\t\t\t\t\t<div class=\"wpzjs-slick wpz-slick wpz-slick--carousel\">\n\n\t\t\t\n\t\t\t\t<div class=\"wpz-slick-slide\">\n\t\t\t\t\t<div class=\"wpz-slick-item\">\n\t\t\t\t\t\t\t\t\t\t\t\t\t<img decoding=\"async\" class=\"wpz-slick-img\" src=\"https:\/\/www.cafephotomarseille.org\/wp-content\/uploads\/2023\/04\/Projet-cpm-3013-expo-2018-4877-768x1224.jpg\" alt=\"Pr\u00e9sidente\">\n\t\t\t\t\t\t\n\t\t\t\t\t\t\t\t\t\t\t\t\t<div class=\"wpz-slick-content\">\n\t\t\t\t\t\t\t\t\t\t\t\t\t\t\t\t\t<h2 class=\"wpz-slick-title\">Pr\u00e9sidente<\/h2>\n\t\t\t\t\t\t\t\t\t\t\t\t\t\t\t\t\t\t\t\t\t\t\t<\/div>\n\t\t\t\t\t\t\t\t\t\t\t<\/div>\n\t\t\t\t<\/div>\n\n\t\t\t\n\t\t\t\t<div class=\"wpz-slick-slide\">\n\t\t\t\t\t<div class=\"wpz-slick-item\">\n\t\t\t\t\t\t\t\t\t\t\t\t\t<img decoding=\"async\" class=\"wpz-slick-img\" src=\"https:\/\/www.cafephotomarseille.org\/wp-content\/uploads\/2023\/04\/Projet-cpm-3013-expo-2018-4873-1-768x1229.jpg\" alt=\"Vice-Pr\u00e9sident\">\n\t\t\t\t\t\t\n\t\t\t\t\t\t\t\t\t\t\t\t\t<div class=\"wpz-slick-content\">\n\t\t\t\t\t\t\t\t\t\t\t\t\t\t\t\t\t<h2 class=\"wpz-slick-title\">Vice-Pr\u00e9sident<\/h2>\n\t\t\t\t\t\t\t\t\t\t\t\t\t\t\t\t\t\t\t\t\t\t\t<\/div>\n\t\t\t\t\t\t\t\t\t\t\t<\/div>\n\t\t\t\t<\/div>\n\n\t\t\t\n\t\t\t\t<div class=\"wpz-slick-slide\">\n\t\t\t\t\t<div class=\"wpz-slick-item\">\n\t\t\t\t\t\t\t\t\t\t\t\t\t<img decoding=\"async\" class=\"wpz-slick-img\" src=\"https:\/\/www.cafephotomarseille.org\/wp-content\/uploads\/2023\/04\/Projet-cpm-3013-expo-2018-4883-1-768x1230.jpg\" alt=\"Vice-Pr\u00e9sidente\">\n\t\t\t\t\t\t\n\t\t\t\t\t\t\t\t\t\t\t\t\t<div class=\"wpz-slick-content\">\n\t\t\t\t\t\t\t\t\t\t\t\t\t\t\t\t\t<h2 class=\"wpz-slick-title\">Vice-Pr\u00e9sidente<\/h2>\n\t\t\t\t\t\t\t\t\t\t\t\t\t\t\t\t\t\t\t\t\t\t\t<\/div>\n\t\t\t\t\t\t\t\t\t\t\t<\/div>\n\t\t\t\t<\/div>\n\n\t\t\t\n\t\t\t\t<div class=\"wpz-slick-slide\">\n\t\t\t\t\t<div class=\"wpz-slick-item\">\n\t\t\t\t\t\t\t\t\t\t\t\t\t<img decoding=\"async\" class=\"wpz-slick-img\" src=\"https:\/\/www.cafephotomarseille.org\/wp-content\/uploads\/2023\/04\/Projet-cpm-3013-expo-2018-4882-1-768x1203.jpg\" alt=\"Secr\u00e9taire\">\n\t\t\t\t\t\t\n\t\t\t\t\t\t\t\t\t\t\t\t\t<div class=\"wpz-slick-content\">\n\t\t\t\t\t\t\t\t\t\t\t\t\t\t\t\t\t<h2 class=\"wpz-slick-title\">Secr\u00e9taire<\/h2>\n\t\t\t\t\t\t\t\t\t\t\t\t\t\t\t\t\t\t\t\t\t\t\t<\/div>\n\t\t\t\t\t\t\t\t\t\t\t<\/div>\n\t\t\t\t<\/div>\n\n\t\t\t\n\t\t\t\t<div class=\"wpz-slick-slide\">\n\t\t\t\t\t<div class=\"wpz-slick-item\">\n\t\t\t\t\t\t\t\t\t\t\t\t\t<img decoding=\"async\" class=\"wpz-slick-img\" src=\"https:\/\/www.cafephotomarseille.org\/wp-content\/uploads\/2023\/04\/Projet-cpm-3013-expo-2018-4884-1-768x1230.jpg\" alt=\"Secr\u00e9t&#039; adjoint\">\n\t\t\t\t\t\t\n\t\t\t\t\t\t\t\t\t\t\t\t\t<div class=\"wpz-slick-content\">\n\t\t\t\t\t\t\t\t\t\t\t\t\t\t\t\t\t<h2 class=\"wpz-slick-title\">Secr\u00e9t' adjoint<\/h2>\n\t\t\t\t\t\t\t\t\t\t\t\t\t\t\t\t\t\t\t\t\t\t\t<\/div>\n\t\t\t\t\t\t\t\t\t\t\t<\/div>\n\t\t\t\t<\/div>\n\n\t\t\t\n\t\t\t\t<div class=\"wpz-slick-slide\">\n\t\t\t\t\t<div class=\"wpz-slick-item\">\n\t\t\t\t\t\t\t\t\t\t\t\t\t<img decoding=\"async\" class=\"wpz-slick-img\" src=\"https:\/\/www.cafephotomarseille.org\/wp-content\/uploads\/2023\/04\/Projet-cpm-3013-expo-2018-4862-1-768x1233.jpg\" alt=\"Tr\u00e9sori\u00e8re\">\n\t\t\t\t\t\t\n\t\t\t\t\t\t\t\t\t\t\t\t\t<div class=\"wpz-slick-content\">\n\t\t\t\t\t\t\t\t\t\t\t\t\t\t\t\t\t<h2 class=\"wpz-slick-title\">Tr\u00e9sori\u00e8re<\/h2>\n\t\t\t\t\t\t\t\t\t\t\t\t\t\t\t\t\t\t\t\t\t\t\t<\/div>\n\t\t\t\t\t\t\t\t\t\t\t<\/div>\n\t\t\t\t<\/div>\n\n\t\t\t\n\t\t<\/div>\n\n\t\t\t\t\t<button type=\"button\" class=\"slick-prev\"><i aria-hidden=\"true\" class=\"fas fa-chevron-left\"><\/i><\/button>\n\t\t\n\t\t\t\t\t<button type=\"button\" class=\"slick-next\"><i aria-hidden=\"true\" class=\"fas fa-chevron-right\"><\/i><\/button>\n\t\t\n\t\t\t\t\t\t<\/div>\n\t\t\t\t<\/div>\n\t\t\t\t<div class=\"elementor-element elementor-element-dd53f85 elementor-widget elementor-widget-text-editor\" data-id=\"dd53f85\" data-element_type=\"widget\" data-widget_type=\"text-editor.default\">\n\t\t\t\t<div class=\"elementor-widget-container\">\n\t\t\t\t\t\t\t\t\t<p><strong><span style=\"color: #ff0707; font-family: var( --e-global-typography-text-font-family ), Sans-serif;\">Le nouveau bureau de l&rsquo;association valid\u00e9 \u00e0 l&rsquo;AG de 2023 :<\/span><\/strong><\/p>\n<ul>\n<li style=\"list-style-type: none;\">\n<ul>\n<li><span style=\"color: #000000;\">Pr\u00e9sidente\u00a0: Sophie GOTTI<\/span><\/li>\n<\/ul>\n<\/li>\n<\/ul>\n<ul>\n<li style=\"list-style-type: none;\">\n<ul>\n<li><span style=\"color: #000000;\">Vice-pr\u00e9sidents\u00a0: Pascal BOUSQUET &amp; Carole HUREL<\/span><\/li>\n<\/ul>\n<\/li>\n<\/ul>\n<ul>\n<li style=\"list-style-type: none;\">\n<ul>\n<li><span style=\"color: #000000;\">Secr\u00e9taire\u00a0:\u00a0Daniel BABOLAT<\/span><\/li>\n<\/ul>\n<\/li>\n<\/ul>\n<ul>\n<li style=\"list-style-type: none;\">\n<ul>\n<li><span style=\"color: #000000;\">Secr\u00e9taire adjoint : Philippe GARCIN-MARCON<\/span><\/li>\n<\/ul>\n<\/li>\n<\/ul>\n<ul>\n<li style=\"list-style-type: none;\">\n<ul>\n<li><span style=\"color: #000000;\">Tr\u00e9sori\u00e8re\u00a0: Marino CORDESSE<\/span><\/li>\n<\/ul>\n<\/li>\n<\/ul>\t\t\t\t\t\t\t\t<\/div>\n\t\t\t\t<\/div>\n\t\t\t\t\t<\/div>\n\t\t<\/div>\n\t\t\t\t\t<\/div>\n\t\t<\/section>\n\t\t\t\t<section class=\"elementor-section elementor-top-section elementor-element elementor-element-7e27e86 elementor-section-boxed elementor-section-height-default elementor-section-height-default\" data-id=\"7e27e86\" data-element_type=\"section\">\n\t\t\t\t\t\t<div class=\"elementor-container elementor-column-gap-default\">\n\t\t\t\t\t<div class=\"elementor-column elementor-col-100 elementor-top-column elementor-element elementor-element-48e82e6\" data-id=\"48e82e6\" data-element_type=\"column\">\n\t\t\t<div class=\"elementor-widget-wrap elementor-element-populated\">\n\t\t\t\t\t\t<div class=\"elementor-element elementor-element-7b5290a elementor-widget elementor-widget-text-editor\" data-id=\"7b5290a\" data-element_type=\"widget\" data-widget_type=\"text-editor.default\">\n\t\t\t\t<div class=\"elementor-widget-container\">\n\t\t\t\t\t\t\t\t\t<p><span style=\"color: #000000;\"><strong>Les 7 membres fondateurs de l&rsquo;association sont :<\/strong> Sophie Gotti, Alain Giraud, Pascal Bousquet, Bernard Meyran, Didier Casalta, Philippe Garcin-Marcon, Michel Brack. Sur cette photo aux c\u00f4t\u00e9s des membres du bureau actuel et pass\u00e9.<\/span><\/p>\t\t\t\t\t\t\t\t<\/div>\n\t\t\t\t<\/div>\n\t\t\t\t<div class=\"elementor-element elementor-element-252d052 elementor-widget elementor-widget-image\" data-id=\"252d052\" data-element_type=\"widget\" data-widget_type=\"image.default\">\n\t\t\t\t<div class=\"elementor-widget-container\">\n\t\t\t\t\t\t\t\t\t\t\t\t\t\t\t<img fetchpriority=\"high\" decoding=\"async\" width=\"2000\" height=\"1333\" src=\"https:\/\/www.cafephotomarseille.org\/wp-content\/uploads\/2019\/05\/cropped-43386609_2014908111865924_8057568817225662464_o.jpg\" class=\"attachment-full size-full wp-image-3242\" alt=\"\" srcset=\"https:\/\/www.cafephotomarseille.org\/wp-content\/uploads\/2019\/05\/cropped-43386609_2014908111865924_8057568817225662464_o.jpg 2000w, https:\/\/www.cafephotomarseille.org\/wp-content\/uploads\/2019\/05\/cropped-43386609_2014908111865924_8057568817225662464_o-288x192.jpg 288w, https:\/\/www.cafephotomarseille.org\/wp-content\/uploads\/2019\/05\/cropped-43386609_2014908111865924_8057568817225662464_o-494x329.jpg 494w, https:\/\/www.cafephotomarseille.org\/wp-content\/uploads\/2019\/05\/cropped-43386609_2014908111865924_8057568817225662464_o-768x512.jpg 768w, https:\/\/www.cafephotomarseille.org\/wp-content\/uploads\/2019\/05\/cropped-43386609_2014908111865924_8057568817225662464_o-1536x1024.jpg 1536w\" sizes=\"100vw\" \/>\t\t\t\t\t\t\t\t\t\t\t\t\t\t\t<\/div>\n\t\t\t\t<\/div>\n\t\t\t\t<div class=\"elementor-element elementor-element-5205675 elementor-widget elementor-widget-spacer\" data-id=\"5205675\" data-element_type=\"widget\" data-widget_type=\"spacer.default\">\n\t\t\t\t<div class=\"elementor-widget-container\">\n\t\t\t\t\t\t\t<div class=\"elementor-spacer\">\n\t\t\t<div class=\"elementor-spacer-inner\"><\/div>\n\t\t<\/div>\n\t\t\t\t\t\t<\/div>\n\t\t\t\t<\/div>\n\t\t\t\t\t<\/div>\n\t\t<\/div>\n\t\t\t\t\t<\/div>\n\t\t<\/section>\n\t\t\t\t<\/div>\n\t\t","protected":false},"excerpt":{"rendered":"<p>Le si\u00e8ge social de l&rsquo;associationpour l&rsquo;envoi de vos courriers (hors adh\u00e9sion) : Association Caf\u00e9 Photo Marseille (CPM)A l&rsquo;attention de la Pr\u00e9sidente Madame Sophie GOTTI41 boulevard de la ComtesseR\u00e9sidence le Saint-PONS13012 MARSEILLE L&rsquo;adresse de la tr\u00e9sori\u00e8re pour l&rsquo;envoi des adh\u00e9sions avec paiement par ch\u00e8que* \u00a0: Association Caf\u00e9 Photo Marseille (CPM)A l&rsquo;attention de la tr\u00e9sori\u00e8reMadame Marie-Noelle CORDESSE &hellip; <\/p>\n<p class=\"link-more\"><a href=\"https:\/\/www.cafephotomarseille.org\/?page_id=1628\" class=\"more-link\">Lire la suite de<span class=\"screen-reader-text\">\u00ab\u00a0INFOS PRATIQUES\u00a0\u00bb<\/span><\/a><\/p>\n","protected":false},"author":1,"featured_media":0,"parent":0,"menu_order":0,"comment_status":"closed","ping_status":"closed","template":"","meta":{"footnotes":""},"class_list":["post-1628","page","type-page","status-publish","hentry"],"featured_media_urls":[],"_links":{"self":[{"href":"https:\/\/www.cafephotomarseille.org\/index.php?rest_route=\/wp\/v2\/pages\/1628","targetHints":{"allow":["GET"]}}],"collection":[{"href":"https:\/\/www.cafephotomarseille.org\/index.php?rest_route=\/wp\/v2\/pages"}],"about":[{"href":"https:\/\/www.cafephotomarseille.org\/index.php?rest_route=\/wp\/v2\/types\/page"}],"author":[{"embeddable":true,"href":"https:\/\/www.cafephotomarseille.org\/index.php?rest_route=\/wp\/v2\/users\/1"}],"replies":[{"embeddable":true,"href":"https:\/\/www.cafephotomarseille.org\/index.php?rest_route=%2Fwp%2Fv2%2Fcomments&post=1628"}],"version-history":[{"count":85,"href":"https:\/\/www.cafephotomarseille.org\/index.php?rest_route=\/wp\/v2\/pages\/1628\/revisions"}],"predecessor-version":[{"id":4432,"href":"https:\/\/www.cafephotomarseille.org\/index.php?rest_route=\/wp\/v2\/pages\/1628\/revisions\/4432"}],"wp:attachment":[{"href":"https:\/\/www.cafephotomarseille.org\/index.php?rest_route=%2Fwp%2Fv2%2Fmedia&parent=1628"}],"curies":[{"name":"wp","href":"https:\/\/api.w.org\/{rel}","templated":true}]}}